is b(-17)?
-2
Let z(v) = v**3 + 18*v**2 + 21*v - 178. What is z(-16)?
-2
Let m(j) = 5*j**3 - 3*j**2 + 6*j - 13. Calculate m(2).
27
Let b(c) = c**2 + 72*c - 1718. Determine b(19).
11
Let w(v) = v**3 + 37*v**2 - 154*v + 387. What is w(-41)?
-23
Let w(v) = v**2 + 3092*v - 31030. What is w(10)?
-10
Let u(j) = -578*j + 11688. Give u(20).
128
Let w(y) = 5*y**3 + 785*y**2 - y - 166. Calculate w(-157).
-9
Let o(c) = c**3 - 7*c**2 + 11*c - 27. Determine o(7).
50
Let z(y) = -y**3 - 37*y**2 + 779*y + 21. Determine z(15).
6
Let h(i) = -1421*i - 32687. Give h(-23).
-4
Let f(z) = -5*z + 206. Give f(35).
31
Let f(g) = -273*g + 17669. Give f(65).
-76
Let x(o) = 137*o + 708. What is x(-6)?
-114
Let s(m) = 40*m**3 - 142*m**2 - 14*m + 7. Give s(4).
239
Let j(i) = -54*i + 1730. What is j(27)?
272
Let q(w) = -3*w**3 - 121*w**2 - 78*w - 1531. Give q(-40).
-11
Let f(o) = -o**3 + 6*o**2 + 20*o - 49. Determine f(8).
-17
Let a(g) = -g**2 + 25*g + 51. Determine a(27).
-3
Let n(f) = -2*f**3 + 24*f**2 - 18*f - 48. Give n(11).
-4
Let d(b) = -b**3 - 29*b**2 + 139*b - 35. Give d(4).
-7
Let r(t) = t**3 - 29*t**2 + 28*t + 33. Calculate r(28).
33
Let z(v) = -13*v + 145. What is z(15)?
-50
Let s(q) = -59*q - 405. What is s(-12)?
303
Let b(k) = k**3 - 7*k**2 - 13*k + 136. What is b(7)?
45
Let x(z) = -91*z - 5371. Calculate x(-59).
-2
Let b(a) = -37*a - 242. Determine b(-5).
-57
Let u(a) = a**2 + 151*a - 2762. Give u(-168).
94
Let w(t) = t**2 - t - 59. Calculate w(-10).
51
Let a(t) = 2619*t - 31418. Give a(12).
10
Let l(a) = 59*a + 48. What is l(-1)?
-11
Let z(a) = -29*a**2 + 59*a + 3. Determine z(2).
5
Let d(k) = -6*k**2 - 1215*k - 1215. Determine d(-1).
-6
Let o(v) = -v**2 - 28*v - 46. Give o(-28).
-46
Let p(m) = 19*m + 965. Determine p(-54).
-61
Let h(o) = -351*o + 4557. What is h(13)?
-6
Let h(o) = 3*o**3 - 7*o**2 + 15*o + 1. Calculate h(4).
141
Let h(g) = -g**2 + 53*g - 346. Give h(46).
-24
Let r(p) = p**2 + 70*p + 649. What is r(-11)?
0
Let p(d) = -d**3 + 9*d**2 - 19*d + 226. Determine p(10).
-64
Let j(y) = 226*y - 882. Calculate j(4).
22
Let v(z) = -5*z**3 + 11*z**2 - 29*z + 22. Give v(1).
-1
Let x(y) = -2*y**3 + 22*y**2 - 70*y - 5. Give x(4).
-61
Let b(x) = 2*x**3 - 16*x**2 + 3*x + 47. Determine b(8).
71
Let d(v) = -2*v**2 - 304*v - 895. Determine d(-3).
-1
Let k(o) = o**2 - 23*o + 47. What is k(13)?
-83
Let f(h) = 27*h + 1228. Calculate f(-45).
13
Let d(n) = -n**3 - 53*n**2 - 107*n - 256. Calculate d(-51).
-1
Let m(d) = 2*d**2 - 22*d - 137. Determine m(-5).
23
Let w(d) = 5*d**2 + 95*d - 455. Determine w(-23).
5
Let n(y) = -198*y**2 - 90684*y + 3. What is n(-458)?
3
Let l(k) = k**3 + 410*k**2 - 9054*k + 62. Determine l(21).
-1
Let u(h) = 866*h - 14729. Give u(17).
-7
Let z(o) = -o**3 + 15*o**2 - o + 97. Calculate z(16).
-175
Let s(k) = 13*k**2 - 28*k + 10. Determine s(2).
6
Let t(h) = -h**2 - h + 1. Determine t(1).
-1
Let b(j) = -194*j - 142. Determine b(0).
-142
Let g(r) = -r**3 + 96*r**2 - 1404*r + 8. What is g(78)?
8
Let j(w) = -w**2 + 13*w + 15. Give j(0).
15
Let b(s) = -71*s**2 + 3*s - 15. Give b(2).
-293
Let u(k) = -7*k**3 - 2*k**2 + 8*k + 17. Calculate u(-3).
164
Let y(u) = 4*u**3 - 74*u**2 - 35*u - 50. What is y(19)?
7
Let v(h) = -h**3 - 20*h**2 + 107*h - 32. Give v(4).
12
Let p(v) = v**3 + 7*v**2 + 7*v + 62. Calculate p(-9).
-163
Let r(p) = -p**2 + 231*p - 10146. Give r(59).
2
Let b(j) = 6*j**2 + 456*j - 460. Give b(-77).
2
Let a(w) = 2*w**2 + 123*w + 1335. What is a(-14)?
5
Let j(a) = -298*a - 600. Calculate j(-2).
-4
Let m(t) = -5*t**3 + 6*t**2 + 404*t - 1629. What is m(4)?
-237
Let k(f) = 13*f**3 + 9*f**2 + 107*f + 98. Determine k(-1).
-13
Let p(c) = -4*c + 133. Calculate p(-13).
185
Let b(y) = y**3 - 45*y**2 - 55*y + 440. What is b(46)?
26
Let k(d) = 22*d - 122. Determine k(5).
-12
Let r(m) = 3*m**2 - 41*m - 561. What is r(22)?
-11
Let m(r) = r**3 + 60*r**2 - 544*r + 5. Give m(-68).
5
Let w(f) = -f**2 - 1194*f + 4809. What is w(4)?
17
Let o(x) = -x**2 + 369*x - 3254. Give o(9).
-14
Let y(z) = -44*z**3 + 17*z**2 + 32*z - 5. Give y(-2).
351
Let w(a) = -212*a + 30734. Determine w(145).
-6
Let m(q) = q**3 - 21*q**2 + 8*q - 140. Give m(21).
28
Let w(q) = 2*q**2 - 7*q - 36. Determine w(-9).
189
Let h(a) = -a**3 + 11*a**2 - 10*a - 117. Determine h(8).
-5
Let d(z) = z**2 + 37*z - 3672. What is d(45)?
18
Let m(c) = -7*c**2 - 20*c - 30. What is m(-2)?
-18
Let t(n) = 5*n**3 - 20*n**2 + 5*n - 21. Calculate t(4).
-1
Let r(l) = 13*l**2 + 4*l + 9. What is r(-1)?
18
Let s(c) = -c**3 + 6*c**2 + 80*c - 460. Calculate s(6).
20
Let s(a) = -a**3 - 47*a**2 - 35*a + 520. Give s(-46).
14
Let b(x) = 2*x**3 + 15*x**2 + 19*x - 10. Give b(-7).
-94
Let q(i) = -1282*i + 23080. Give q(18).
4
Let s(u) = -2*u**3 + 26*u**2 - 93*u + 77. What is s(6)?
23
Let k(y) = 4*y**3 - 139*y**2 - 43*y - 15. What is k(35)?
-295
Let z(j) = j**3 - 76*j**2 + 299*j - 709. Calculate z(72).
83
Let r(h) = 45*h - 358. What is r(8)?
2
Let l(u) = 29*u - 9. Give l(1).
20
Let s(a) = 151*a + 267. Give s(-3).
-186
Let i(k) = 3*k**2 + 82*k - 157. What is i(-29)?
-12
Let x(y) = 93*y + 61. Determine x(-1).
-32
Let r(u) = 7*u + 13. Determine r(0).
13
Let f(x) = -x**2 + 26*x - 10. Determine f(19).
123
Let j(u) = -2*u**2 + 50*u - 97. Calculate j(25).
-97
Let i(s) = 482*s**3 + 3*s**2 - 10*s + 8. What is i(1)?
483
Let l(v) = 29*v**2 + 7*v - 2. Give l(-3).
238
Let j(q) = -q**2 - 34*q + 148. What is j(-38)?
-4
Let d(j) = -81*j + 2512. What is d(31)?
1
Let z(t) = 21*t + 906. What is z(-46)?
-60
Let i(f) = f**3 - 21*f**2 - 12*f - 24. Calculate i(6).
-636
Let o(f) = -f**3 + 61*f + 31. Determine o(8).
7
Let z(t) = -10*t - 788. What is z(10)?
-888
Let x(m) = m**3 + 21*m**2 + 10*m + 721. Give x(-22).
17
Let u(s) = -s**2 + 23*s - 109. What is u(4)?
-33
Let h(y) = 10*y**2 + 27*y + 65. Determine h(-10).
795
Let s(p) = -257*p + 13. Give s(0).
13
Let s(r) = -7333*r + 36664. Determine s(5).
-1
Let v(i) = -1207*i + 245. What is v(1)?
-962
Let j(v) = -1025*v + 63. Determine j(0).
63
Let i(a) = -38*a - 147. Determine i(-7).
119
Let f(w) = -2*w**3 + 17*w**2 + 51*w - 79. Calculate f(11).
-123
Let g(z) = z - 46. Calculate g(32).
-14
Let s(g) = 16*g**2 - 339*g + 37. Determine s(21).
-26
Let i(y) = -2*y**3 - 114*y**2 - 111*y + 51. Give i(-56).
-5
Let w(u) = u**3 - 21*u**2 + 58*u - 1753. Give w(22).
7
Let i(u) = u**3 - u**2 + 6*u - 2. Give i(2).
14
Let i(w) = 5*w**3 + 9*w**2 - 8*w + 5. What is i(3)?
197
Let m(a) = -2*a**2 + 189*a - 746. What is m(4)?
-22
Let i(d) = -2*d**3 - 477*d**2 + 148*d - 21743. What is i(-239)?
6
Let m(r) = 1166*r + 10499. Determine m(-9).
5
Let q(k) = -k**2 - 24*k + 699. What is q(-46)?
-313
Let i(p) = -91*p + 916. Give i(11).
-85
Let z(m) = -2*m**2 - 2*m - 26. What is z(-10)?
-206
Let a(w) = -3*w**2 + 15*w + 336. Give a(-8).
24
Let n(c) = 171*c - 41556. Determine n(243).
-3
Let r(h) = 97*h**3 + 5*h**2 + 5*h + 1. What is r(-1)?
-96
Let q(w) = -5*w**3 - 12*w**2 + 37*w + 90. Give q(-7).
958
Let s(z) = z**2 + 7*z + 96. What is s(0)?
96
Let n(h) = 2*h**3 + 177*h**2 + 570*h + 42418. What is n(-88)?
2
Let j(i) = 4*i**2 + 78*i + 74. Give j(-20).
114
Let a(w) = w**3 + 23*w**2 - 178*w + 19. What is a(6)?
-5
Let y(f) = 56*f**2 - 10*f + 15. Calculate y(2).
219
Let o(g) = 110*g + 2. What is o(-2)?
-218
Let g(j) = 9*j - 406. What is g(35)?
-91
Let f(q) = -q**3 + 15*q**2 - 29*q + 1080. Give f(17).
9
Let k(o) = o**2 + 86*o + 1561. What is k(-19)?
288
Let x(d) = 2*d**3 + 24*d**2 + 46*d - 4. Give x(-2).
-16
Let m(h) = -13*h**3 - h**2 - 10*h + 9. Determine m(1).
-15
Let h(g) = g**2 + 5*g + 2. Calculate h(4).
38
Let i(x) = -26716*x - 53436. Determine i(-2).
-4
Let l(w) = -11*w - 1141. Calculate l(-103).
-8
Let v(k) = -66*k - 6031. What is v(-91)?
-25
Let k(q) = 2*q**2 + 125*q + 942. Calculate k(-9).
-21
Let p(f) = f**3 - 36*f**2 + 22*f - 20. Calculate p(35).
-475
Let m(c) = -8*c + 10. Determine m(1).
2
Let h(a) = -a**2 + 47*a - 55. Calculate h(51).
-259
Let a(f) = -f**3 + 54*f**2 + 856*f - 173. What is a(-13)?
22
Let r(w) = -2*w**3 - 3*w**2 - 6*w - 7. What is r(-2)?
9
Let t(i) = i**2 + 75*i - 24. Calculate t(0).
-24
Let g(w) = -3*w**2 + 57*w - 683. What is g(14)?
-473
Let z(u) = 493*u - 37974. What is z(77)?
-13
Let d(w) = w**2 - 11*w - 6. Calculate d(4).
-34
Let u(i) = -i**3 + 19*i**2 - 74*i + 43. Give u(14).
-13
Let z(h) = h**2 - 567*h - 81